303222
In base 8, what is -273 + 47?
-224
In base 16, what is -e7 - -146?
5f
In base 11, what is 9005 - 26?
8a8a
In base 16, what is -7179d - -6?
-71797
In base 15, what is 11 + 1d8?
1e9
In base 11, what is 377858 + 5?
377862
In base 16, what is -1 - -1e5d?
1e5c
In base 11, what is 23 - -1064?
1087
In base 8, what is 3 + -615336?
-615333
In base 10, what is -6329 - -102?
-6227
In base 3, what is 1 - 200112211?
-200112210
In base 5, what is -110044114 + 2?
-110044112
In base 16, what is -10b + -136?
-241
In base 3, what is -120111101220 + 0?
-120111101220
In base 7, what is -220213 - -2?
-220211
In base 6, what is -33 - 200304?
-200341
In base 9, what is -3657 + 883?
-2664
In base 14, what is -9 + -3d21?
-3d2a
In base 2, what is 10 - -1110100111001110?
1110100111010000
In base 15, what is -2 - -6c41?
6c3e
In base 3, what is -12001012 - -221?
-12000021
In base 5, what is -41222330 + 11?
-41222314
In base 12, what is -50 - 1924?
-1974
In base 6, what is -3330 + 321?
-3005
In base 13, what is 9303 - a4?
922c
In base 13, what is 12478 + 2?
1247a
In base 12, what is 35 - -634?
669
In base 12, what is -1bba - -6?
-1bb4
In base 12, what is b8a + -85?
b05
In base 14, what is 1 + -19610?
-1960d
In base 9, what is 218 - -273?
502
In base 14, what is -1c4cb - 1?
-1c4cc
In base 13, what is -47a819 - -4?
-47a815
In base 2, what is -100 - 110010010100010?
-110010010100110
In base 8, what is -10 - -2271546?
2271536
In base 3, what is 11 + 1001001111?
1001001122
In base 11, what is -606 - -3a?
-577
In base 13, what is 44a8b + -2?
44a89
In base 9, what is -643 - -61?
-572
In base 11, what is 3 + -568?
-565
In base 16, what is 16 - -ffb1?
ffc7
In base 4, what is -3310220123 + -10?
-3310220133
In base 3, what is 2 - -22222121?
22222200
In base 2, what is -11000100100 + -111?
-11000101011
In base 8, what is -623 + -252?
-1075
In base 5, what is 142 - 2310002?
-2304310
In base 15, what is b8d - 1?
b8c
In base 7, what is -15526 - -655?
-14541
In base 7, what is 1 + 50306?
50310
In base 16, what is 3932 - 8?
392a
In base 12, what is 365 - 31?
334
In base 6, what is -5 + 2145433?
2145424
In base 7, what is 115 + 116214?
116332
In base 5, what is -101 - -2330?
2224
In base 4, what is 3 + 3310131?
3310200
In base 8, what is 1 + -21135?
-21134
In base 11, what is -348 + 2801?
2464
In base 16, what is -3 + 44f1?
44ee
In base 15, what is 4 + -228e5?
-228e1
In base 15, what is 5 + 7?
c
In base 6, what is 2 + -451411?
-451405
In base 2, what is -1 + -100001110010011010000?
-100001110010011010001
In base 11, what is 260207 + 3?
26020a
In base 11, what is -5 + -565053?
-565058
In base 9, what is -524 - -30?
-484
In base 13, what is -303ac - -1?
-303ab
In base 16, what is a + f3?
fd
In base 13, what is 5c6b - 23?
5c48
In base 12, what is 132 + 63?
195
In base 9, what is -5681 + -4?
-5685
In base 3, what is 1010202200112 - 0?
1010202200112
In base 15, what is 29774 + 4?
29778
In base 9, what is 5 + 77556?
77562
In base 3, what is 1200 - 200220?
-122020
In base 16, what is 6f - -c92?
d01
In base 2, what is -11111010001000100 + -11?
-11111010001000111
In base 15, what is 99 + -3aa5?
-3a0b
In base 3, what is 1010020101 + 12?
1010020120
In base 7, what is -31352 - 11?
-31363
In base 11, what is -50511 - 5?
-50516
In base 3, what is -12202112011 - 220?
-12202120001
In base 11, what is -3aa4 - -61?
-3a43
In base 10, what is -28 - 16197?
-16225
In base 2, what is -100 + -1001001011010011001?
-1001001011010011101
In base 16, what is 3 - 36691?
-3668e
In base 11, what is 3 + -17115?
-17112
In base 11, what is 85a75 + -5?
85a70
In base 5, what is 0 + 434144?
434144
In base 12, what is -3872 - -3b?
-3833
In base 15, what is 11e + 2e14?
3033
In base 14, what is 7 + 11a52?
11a59
In base 3, what is -1 + 120011122012?
120011122011
In base 16, what is -4 - -8353?
834f
In base 7, what is -3 - -1043032?
1043026
In base 9, what is 32205 + 4?
32210
In base 13, what is 2822 - 0?
2822
In base 3, what is -21211 - -21000?
-211
In base 13, what is -19 - 13a5?
-13c1
In base 7, what is -60 + 5604?
5514
In base 16, what is -4e5b + 3?
-4e58
In base 7, what is -355013 + -3?
-355016
In base 5, what is -403 + 334?
-14
In base 3, what is -20 - 121101001?
-121101021
In base 14, what is -1 + -50dd?
-5100
In base 10, what is 15 + -2566?
-2551
In base 14, what is -7 - 6c16?
-6c1d
In base 3, what is -201 - -111?
-20
In base 8, what is -15 + -357051?
-357066
In base 8, what is -13200 - -2?
-13176
In base 11, what is -37 + -15253?
-1528a
In base 16, what is 28e - 6f?
21f
In base 3, what is 1212010010 - -1122?
1212011202
In base 13, what is -1153 - 55?
-11a8
In base 5, what is 3 + 31042324?
31042332
In base 7, what is -565 + 400?
-165
In base 13, what is 1 - 1baa?
-1ba9
In base 10, what is -8 - -2538?
2530
In base 12, what is 127061 - 10?
127051
In base 2, what is 1 - 11001110001100?
-11001110001011
In base 4, what is 21 + 112013230?
112013311
In base 8, what is 454 + -123?
331
In base 11, what is -a - -62054?
62045
In base 5, what is 214 - 31103?
-30334
In base 4, what is -11 + -13221312123?
-13221312200
In base 2, what is -11 - 10100000011011100?
-10100000011011111
In base 15, what is -5c9c - 18?
-5cb5
In base 11, what is 1661 - a20?
741
In base 8, what is 560 - -6032?
6612
In base 6, what is 2055313 + 30?
2055343
In base 3, what is 2010 - -201221?
211001
In base 7, what is 445500 - 5?
445462
In base 14, what is -7 - 374c?
-3755
In base 11, what is -1 - 1584a2?
-1584a3
In base 10, what is 1415 - -14?
1429
In base 9, what is -508 + -233?
-742
In base 14, what is 2 - -28354?
28356
In base 5, what is 131 + -1244?
-1113
In base 5, what is -10 - 131001310?
-131001320
In base 9, what is 52024 - 3?
52021
In base 4, what is -13 - 32020310?
-32020323
In base 9, what is 6438 + -2?
6436
In base 12, what is 7652 + -58?
75b6
In base 14, what is -b - 471?
-47c
In base 11, what is 89 + 2529?
2607
In base 15, what is -5604 + b?
-55e8
In base 10, what is -5420 + 3?
-5417
In base 4, what is 13 - 33223?
-33210
In base 8, what is 24 + 5724?
5750
In base 7, what is -5 - -1144023?
1144015
In base 13, what is 1 - -93609?
9360a
In base 2, what is -101 - 110011011100?
-110011100001
In base 9, what is -3340 - 11?
-3351
In base 16, what is d998a + 5?
d998f
In base 5, what is 131104444 + 3?
131110002
In base 3, what is 1211 - -222?
2210
In base 15, what is 4 + -1ce20?
-1ce1b
In base 9, what is 116442 + 3?
116445
In base 10, what is 98 + 12269?
12367
In base 11, what is 2a - 35a38?
-35a09
In base 16, what is 34 + 79b0?
79e4
In base 13, what is b4 - -3b7b?
3c62
In base 2, what is -11 - 10010111111001001?
-10010111111001100
In base 9, what is 110 - -7113?
7223
In base 4, what is -1230203 - -23?
-1230120
In base 5, what is -4 - -100130433?
100130424
In base 3, what is 100021112001 + -22?
100021111202
In base 16, what is 81 - 16bb?
-163a
In base 6, what is 34213 + 2351?
41004
In base 12, what is 609a - -6?
60a4
In base 9, what is 1402 + 433?
1835
In base 5, what is -10144 - -3?
-10141
In base 7, what is -1554 - 440?
-2324
In base 3, what is 1020 - 22110222?
-22102202
In base 8, what is 6125 - -5?
6132
In base 14, what is -935b + b?
-9350
In base 11, what is 3 - 142236?
-142233
In base 2, what is 110111 + 10000101000?
10001011111
In base 9, what is 1 - 5786?
-5785
In base 2, what is -11 - -1111001000010100?
1111001000010001
In base 11, what is 4832 - 25?
4808
In base 6, what is -3103 - -55?
-3004
In base 3, what is -112102002111 + 1?
-112102002110
In base 14, what is -26d32 + -9?
-26d3b
In base 6, what is 2 - -15501?
15503
In base 15, what is 2765e7 + -1?
2765e6
In base 7, what is -5 + -1253255?
-1253263
In base 3, what is -20021 + -120?
-20211
In base 5, what is -434 - -1214?
230
In base 4, what is -1 - -311301310?
311301303
In base 7, what is 133462 + -6?
133453
In base 11, what is 0 + a30857?
a30857
In base 8, what is 22621772 - -5?
22621777
In base 2, what is 1100110111 - -1101?
1101000100
In base 16, what is 4 + 7f80?
7f84
In base 16, what is 1 - -65c9?
65ca
In base 8, what is 4061 - 5?
4054
In base 14, what is -d3 - -61a?
527
In base 6, what is -100 + 51315?
51215
In base 2, what is 111100001111 + 0?
111100001111
In base 7, what is -1216404 - 1?
-1216405
In base 7, what is -33 - 55?
-121
In base 6, what is -12235405 + 0?
-12235405
In base 